 215 is divided by q(-9).
103
Let b = -3958 + 4137. Calculate the remainder when 356 is divided by b.
177
Suppose -240*c + 10353 = -121*c. What is the remainder when 2168 is divided by c?
80
Suppose 4*g + 929 = -5*i + 10*i, g = 4*i - 741. What is the remainder when 1101 is divided by i?
176
Let o(s) = -s**2 - 14*s + 157. Let b be o(-21). Calculate the remainder when 597 is divided by 1/(21/b + -2).
7
Let x(m) = 2*m**2 - 8*m - 33. Let v be (84/49)/((-1)/(-7)) - 5. Calculate the remainder when x(v) is divided by 3.
0
Suppose 2*g - 296 = -0*r + 2*r, 9 = 3*r. Suppose -g - 309 = -4*i. Suppose -7*d = 5*u - 2*d - i, u - 11 = -4*d. Calculate the remainder when 79 is divided by u.
25
Let z(f) = 2*f**2 - 1748*f - 10536. Let u = -5 + 41. Calculate the remainder when u is divided by z(-6).
12
Calculate the remainder when 84 is divided by 5764/110 - (-2)/(-5).
32
Let u = -15 + 40. What is the remainder when 996/7 - (14 + 1152/(-84)) is divided by u?
17
Suppose 0 = 5*o - 3*n + 255, 255 = -5*o - n + 3*n. Let m = o + 128. What is the remainder when m is divided by 24?
5
What is the remainder when (-748)/(-6) + 6/(-8)*40/45 is divided by 21?
19
Let o(y) = -y**3 + 10*y**2 + 2*y - 62. What is the remainder when 2441 is divided by o(6)?
91
Suppose -21*s = -21984 - 29363 + 9557. Calculate the remainder when s is divided by 154.
142
Let t(s) = s**3 + 9*s**2 - 362*s + 5. What is the remainder when t(-24) is divided by 2?
1
Let s be -1*(5 - 2) - (-23 - -3). Suppose s = x + 13. Calculate the remainder when x is divided by ((-6)/(-2))/(2/2).
1
Suppose 15*o + 1530 = -13*o + 38*o. What is the remainder when o is divided by 15?
3
Let s(d) = -2*d**3 - 22*d**2 + 26*d + 41. Let h(j) = -j**3 - 3*j**2 + 6*j + 5. Calculate the remainder when h(-5) is divided by s(-12).
8
Suppose 0 = 3*z + 5*l - 282, -3*z + 4*l - l = -258. Let j = -92 + 131. Calculate the remainder when z is divided by j.
11
Let s = -45 - -48. Suppose 0*h = 4*h - s*t - 16, 3*h - 29 = -2*t. What is the remainder when 27 is divided by (-3)/21 + -4 + 99/h?
7
Let c be (-2 + -13)*6/(-18). Let f(s) = 3*s**2 - 10*s - 2. Let r be f(c). Let a = r + -7. What is the remainder when a is divided by 12?
4
Suppose 0 = -25*s + 21*s - 40. Let o be ((-3)/5)/((-2)/s) - -9. Suppose 0 = 3*y - o*y + 117. What is the remainder when y is divided by 11?
6
Let q(f) = -f**2 + 12*f - 7. Suppose -5*k + 2*i + 56 = 0, 4*i + 22 = k - 0. Let h be q(k). Calculate the remainder when 109 is divided by (h + -2)*(-1 + 2).
10
Let s(g) = 264*g + 2181. Calculate the remainder when 481 is divided by s(-8).
67
Let q(t) = -2*t**3 - 5*t**2 + 7*t + 8. Let k be q(-4). Let d = 56 - k. Calculate the remainder when 66 is divided by d.
10
Let m be 1*(-15 - (-2)/1). Let n = 14 + m. What is the remainder when 1/(-4) - (-122)/8 is divided by n?
0
Let v(o) = 14*o. Let w(g) be the first derivative of -g**4/4 + 7*g**3/3 + g**2/2 - 16*g + 12. What is the remainder when w(5) is divided by v(1)?
11
Suppose -5*g + 344 = -g. Let c(n) = 3*n**2 - 10*n - 2. Let j be c(4). Suppose j = -2*p, 2*a + 2*p = 4*p + g. Calculate the remainder when a is divided by 11.
7
Let l(b) = -b**3 - 25*b**2 + 54*b + 4. Let j be l(-27). What is the remainder when 20/j + -4 + 85 is divided by 16?
6
Suppose 89 = b + 5*g - 4*g, -354 = -4*b - 3*g. Calculate the remainder when b is divided by ((4 - 5) + 11)*(0 + 1).
7
Let s(w) = -2*w + 46. Let x = 15 + 5. Suppose -27 = -5*u + 48. What is the remainder when u is divided by s(x)?
3
Let v be -4*2*(-4 - -3). Let x be (-40)/(-1) - 4/((-4)/(-5)). Calculate the remainder when (x - v/(-2)) + 3 is divided by 23.
19
Suppose -9*b = 290 - 6122. What is the remainder when b is divided by 107?
6
Suppose -148 = -7*x + 1623. Let p = x - 52. What is the remainder when p is divided by 51?
48
Suppose 0 = -3*q + 5*h + 510 + 367, -1160 = -4*q + 9*h. What is the remainder when 625 is divided by q?
27
Suppose 176*m = 171*m. Suppose 4*s + 2*i - 652 = m, -4*s + 164 + 472 = -2*i. What is the remainder when s is divided by 27?
26
Suppose -2*x - 5*g + 315 = -0*x, 2*x = 3*g + 323. Suppose -5*w + w + x = 0. What is the remainder when w is divided by 12?
4
Suppose o = 6*o - 45*o + 5600. What is the remainder when o is divided by 120?
20
Suppose -4*g - 32 = -4*r + 72, 0 = 5*r - g - 126. What is the remainder when 213 is divided by r?
13
Let w(n) = 645*n - 8967. Suppose -4*h + 364 = 4*r - 400, 3*h = 15. Calculate the remainder when r is divided by w(14).
60
Suppose -4*k + 2*k = -890 + 54. Calculate the remainder when k is divided by 206.
6
Suppose 3*w - 4*w = 4*d + 20, 3*d = 3*w - 15. Suppose -15*j + 17*j - 90 = w. What is the remainder when j is divided by 11?
1
Suppose 4*h - 2*h + 25 = 3*d, -d + 19 = 2*h. Suppose 0 = -20*g + 7 + 33. Calculate the remainder when d is divided by g.
1
Suppose 0 = 2*w + k - 22188, -102*w - 2*k + 22182 = -100*w. What is the remainder when w is divided by 25?
22
Suppose w - 3921 = -5*k, 3*k + w = 962 + 1389. Calculate the remainder when k is divided by 197.
194
Let f = -21 - -38. Suppose 0 = 6*s - 5*s + 5*t, -s = 2*t - 3. Let k(y) = -4*y + 34. Calculate the remainder when f is divided by k(s).
3
Let z(h) = -h**3 - 9*h**2 - 6*h + 11. Let g be z(-8). Let d(j) = -11*j + 45*j + 34 - 18*j - 3*j - 19*j. Calculate the remainder when d(g) is divided by 13.
12
What is the remainder when ((-2)/(-6))/((-46)/(-115506)) - 1*4 is divided by 27?
23
Let u be (-2)/3 + (-5)/(-3) - -1. Suppose 0 = u*i - 3*i. Suppose i = 4*d - 4*s + 5*s - 209, -5*d + 5*s = -230. Calculate the remainder when d is divided by 11.
7
Suppose 0 = 62*a - 65*a - 4*q + 434, 4*a = 4*q + 644. Calculate the remainder when 447 is divided by a.
139
Let j(u) = 122*u - 212. Let r(w) = -11*w + 19. Let f(z) = 6*j(z) + 68*r(z). What is the remainder when 26 is divided by f(1)?
2
Let h(z) = 5*z**3 - 39*z**2 + 31*z - 3. Let l = 8 + -5. What is the remainder when h(7) is divided by 30/4*2/l?
3
Let q = -1134 + 1180. Calculate the remainder when 15914 is divided by q.
44
Let y = -41 + 19. Let a = 40 + y. Calculate the remainder when 704/14 + 2/(-7) is divided by a.
14
Let n = -1998 - -2128. Calculate the remainder when 647 is divided by n.
127
Let h(p) be the second derivative of p**3/6 - 34*p - 1. Let u be (-33)/(-6) + (-1)/2. What is the remainder when 6 is divided by h(u)?
1
Let t(x) = -x**3 - 16*x**2 + 5*x - 41. Calculate the remainder when t(-17) is divided by 76/(-10)*(-315)/126.
11
Let h be (-28)/(-63) - 10950/(-27). Let s = h - 385. Suppose 0 - 6 = 3*k, 4*b - 2*k = 500. What is the remainder when b is divided by s?
19
Suppose 0 = -6*f + 2756 - 1292. What is the remainder when 3172 is divided by f?
0
Let l(j) = -1099*j + 90. Let c be l(-3). Suppose -21*k + 582 = -c. Calculate the remainder when k is divided by 38.
37
Let o(n) = 2*n - 14. Let p be o(7). Suppose -6*r - 8 + 38 = p. Suppose 0*u = 5*f - r*u - 125, -u = -4*f + 88. Calculate the remainder when 82 is divided by f.
19
Let l(a) = a**2 + 7*a - 14. Let b be l(6). Let o = b + -60. Calculate the remainder when 143 is divided by 2 + 5 - o - -13.
15
Let j = -11147 + 11157. What is the remainder when 100 is divided by j?
0
Let n(o) = o**3 + 25*o**2 - 11*o + 111. What is the remainder when n(-19) is divided by 227?
216
Suppose -98*s - 284*s = -517992. What is the remainder when s is divided by 39?
30
Suppose 2*l = -3*f + 21, 54*f = l + 55*f - 13. Calculate the remainder when 169 is divided by l.
7
Suppose -5*c - 485*k = -483*k - 774, 0 = 2*c - k - 288. Let v = -20 - -58. What is the remainder when c is divided by v?
36
Suppose 4*f = 5*c + 1305, -7*c = -2*f - 9*c + 648. Suppose 0 = 20*g - f - 1055. Calculate the remainder when 206 is divided by g.
68
Let n = 47 - 45. Suppose -n*h + 25 = 11*w - 6*w, 95 = 3*h - 4*w. Calculate the remainder when h is divided by 13.
12
Let r(y) = -y**3 + 7*y**2 - 4*y + 4. Let h = -3858 + 3969. What is the remainder when h is divided by r(3)?
27
Suppose -18 = -4*p + 46. Suppose 66*q = 45*q + 462. Let v(z) = z**3 - 23*z**2 + 26*z - 52. What is the remainder when v(q) is divided by p?
4
Let n(h) = 3*h**2 + 2. Let m be n(-2). Let v = m - -15. Suppose 6102*q - 990*q - 79310 = -2630. What is the remainder when v is divided by q?
14
Let l(c) = 74*c + 2. Let x be l(4). Let w be (-293037)/(-1431) + 4/18. Let b = x - w. Calculate the r